{"id":14,"date":"2025-02-03T20:53:38","date_gmt":"2025-02-03T20:53:38","guid":{"rendered":"https:\/\/estudiojuridicogpa.com.ar\/solucioneslegales?page_id=14"},"modified":"2025-09-11T17:46:28","modified_gmt":"2025-09-11T17:46:28","slug":"financiacion-para-honorarios-legales","status":"publish","type":"page","link":"https:\/\/estudiojuridicogpa.com.ar\/solucioneslegales\/","title":{"rendered":"Financiaci\u00f3n para honorarios Legales"},"content":{"rendered":"\n<div class=\"wp-block-cover alignfull\"><span aria-hidden=\"true\" class=\"wp-block-cover__background has-background-dim-100 has-background-dim\" style=\"background-color:#012153\"><\/span><div class=\"wp-block-cover__inner-container is-layout-constrained wp-block-cover-is-layout-constrained\">\n<div class=\"wp-block-columns is-layout-flex wp-container-core-columns-is-layout-9d6595d7 wp-block-columns-is-layout-flex\">\n<div class=\"wp-block-column is-layout-flow wp-block-column-is-layout-flow\" style=\"flex-basis:15%\"><\/div>\n\n\n\n<div class=\"wp-block-column is-layout-flow wp-block-column-is-layout-flow\" style=\"flex-basis:35%\"><div class=\"wp-block-image\">\n<figure class=\"aligncenter size-full is-resized\" data-aos=\"fade\"><a href=\"http:\/\/estudiojuridicogpa.com.ar\/solucioneslegales\/wp-content\/uploads\/2025\/09\/soluciones-legales-02-1.jpg\"><img loading=\"lazy\" decoding=\"async\" width=\"504\" height=\"379\" src=\"http:\/\/estudiojuridicogpa.com.ar\/solucioneslegales\/wp-content\/uploads\/2025\/09\/soluciones-legales-02-1.jpg\" alt=\"Financiaci\u00f3n para honorarios Legales PSL - GPA estudio Jur\u00eddico\" class=\"wp-image-640\" style=\"width:428px;height:auto\" srcset=\"https:\/\/estudiojuridicogpa.com.ar\/solucioneslegales\/wp-content\/uploads\/2025\/09\/soluciones-legales-02-1.jpg 504w, https:\/\/estudiojuridicogpa.com.ar\/solucioneslegales\/wp-content\/uploads\/2025\/09\/soluciones-legales-02-1-300x226.jpg 300w\" sizes=\"auto, (max-width: 504px) 100vw, 504px\" \/><\/a><\/figure>\n<\/div><\/div>\n\n\n\n<div class=\"wp-block-column is-vertically-aligned-center is-layout-flow wp-block-column-is-layout-flow\" style=\"flex-basis:35%\">\n<p class=\"has-text-align-center has-nv-site-bg-color has-text-color has-link-color has-large-font-size wp-elements-295a348170dcfce65164491c7e95ffd1\" data-aos=\"fade\" data-aos-delay=\"200\">Financiaci\u00f3n de Honorarios Profesionales<\/p>\n\n\n\n<h2 class=\"wp-block-heading has-text-align-center has-text-color has-link-color wp-elements-f09dc4cc30a2c306af8684eff4360d55\" style=\"color:#87b5de;font-size:40px\" data-aos=\"zoom-in\" data-aos-delay=\"200\"><strong>PSL <\/strong><br><em>Proyecto de soluciones legales<\/em><\/h2>\n\n\n\n<div class=\"wp-block-buttons is-content-justification-center is-layout-flex wp-container-core-buttons-is-layout-16018d1d wp-block-buttons-is-layout-flex\" data-aos=\"fade\" data-aos-delay=\"150\">\n<div class=\"wp-block-button\" data-aos=\"fade\" data-aos-delay=\"300\" data-aos-duration=\"1100\"><a class=\"wp-block-button__link has-background wp-element-button\" href=\"https:\/\/estudiojuridicogpa.com.ar\/solucioneslegales#contacto\" style=\"background-color:#5a87dc;padding-right:var(--wp--preset--spacing--70);padding-left:var(--wp--preset--spacing--70)\">CONTACTAR<\/a><\/div>\n<\/div>\n<\/div>\n\n\n\n<div class=\"wp-block-column is-layout-flow wp-block-column-is-layout-flow\" style=\"flex-basis:15%\"><\/div>\n<\/div>\n<\/div><\/div>\n\n\n\n<p class=\"has-text-align-center\">Financiaci\u00f3n para honorarios Legales<\/p>\n\n\n\n<div class=\"wp-block-columns is-layout-flex wp-container-core-columns-is-layout-9d6595d7 wp-block-columns-is-layout-flex\">\n<div class=\"wp-block-column is-layout-flow wp-block-column-is-layout-flow\" style=\"border-width:1px;border-radius:20px;padding-top:var(--wp--preset--spacing--20);padding-right:var(--wp--preset--spacing--20);padding-bottom:var(--wp--preset--spacing--20);padding-left:var(--wp--preset--spacing--20)\" data-aos=\"fade\" data-aos-delay=\"150\"><div class=\"wp-block-image\">\n<figure class=\"aligncenter size-full is-resized\"><a href=\"https:\/\/estudiojuridicogpa.com.ar\/solucioneslegales\/wp-content\/uploads\/2025\/09\/01-2.jpg\"><img loading=\"lazy\" decoding=\"async\" width=\"250\" height=\"300\" src=\"https:\/\/estudiojuridicogpa.com.ar\/solucioneslegales\/wp-content\/uploads\/2025\/09\/01-2.jpg\" alt=\"\" class=\"wp-image-723\" style=\"width:150px\"\/><\/a><\/figure>\n<\/div>\n\n\n<p class=\"has-text-align-center has-nv-dark-bg-color has-text-color has-link-color wp-elements-c551a0061f053e025183ea055a7b875c\" style=\"font-size:24px\"><strong>1<\/strong> Presupuestamos tu caso<\/p>\n<\/div>\n\n\n\n<div class=\"wp-block-column is-layout-flow wp-block-column-is-layout-flow\" style=\"border-width:1px;border-radius:20px;padding-top:var(--wp--preset--spacing--20);padding-right:var(--wp--preset--spacing--20);padding-bottom:var(--wp--preset--spacing--20);padding-left:var(--wp--preset--spacing--20)\" data-aos=\"fade\" data-aos-delay=\"150\"><div class=\"wp-block-image\">\n<figure class=\"aligncenter size-full is-resized\"><a href=\"https:\/\/estudiojuridicogpa.com.ar\/solucioneslegales\/wp-content\/uploads\/2025\/09\/02-2.jpg\"><img loading=\"lazy\" decoding=\"async\" width=\"250\" height=\"300\" src=\"https:\/\/estudiojuridicogpa.com.ar\/solucioneslegales\/wp-content\/uploads\/2025\/09\/02-2.jpg\" alt=\"\" class=\"wp-image-724\" style=\"width:150px\"\/><\/a><\/figure>\n<\/div>\n\n\n<p class=\"has-text-align-center has-neve-text-color-color has-text-color has-link-color wp-elements-b4996f6d39bded50e4b6d39c6a9bc430\" style=\"font-size:24px\"><strong>2<\/strong> Pedimos documentacion m\u00ednima<\/p>\n<\/div>\n\n\n\n<div class=\"wp-block-column is-layout-flow wp-block-column-is-layout-flow\" style=\"border-width:1px;border-radius:20px;padding-top:var(--wp--preset--spacing--20);padding-right:var(--wp--preset--spacing--20);padding-bottom:var(--wp--preset--spacing--20);padding-left:var(--wp--preset--spacing--20)\" data-aos=\"fade\" data-aos-delay=\"150\"><div class=\"wp-block-image\">\n<figure class=\"aligncenter size-full is-resized\"><a href=\"https:\/\/estudiojuridicogpa.com.ar\/solucioneslegales\/wp-content\/uploads\/2025\/09\/03-2.jpg\"><img loading=\"lazy\" decoding=\"async\" width=\"250\" height=\"300\" src=\"https:\/\/estudiojuridicogpa.com.ar\/solucioneslegales\/wp-content\/uploads\/2025\/09\/03-2.jpg\" alt=\"\" class=\"wp-image-725\" style=\"width:150px\"\/><\/a><\/figure>\n<\/div>\n\n\n<p class=\"has-text-align-center has-nv-dark-bg-color has-text-color has-link-color wp-elements-d48e346640bd045d90d21df7d455c9b6\" style=\"font-size:24px\"><strong>3<\/strong> Te otorgamos el financiamiento<br><\/p>\n<\/div>\n<\/div>\n\n\n\n<div style=\"height:56px\" aria-hidden=\"true\" class=\"wp-block-spacer\"><\/div>\n\n\n\n<h2 class=\"wp-block-heading has-text-align-center\"><strong>Financiaci\u00f3n de Honorarios Profesionales<\/strong><\/h2>\n\n\n\n<p class=\"has-text-align-center has-medium-font-size\">En nuestro estudio jur\u00eddico creemos firmemente que toda persona debe tener acceso a una defensa y un asesoramiento legal de calidad, sin que las cuestiones econ\u00f3micas se conviertan en un obst\u00e1culo. Sabemos que cada situaci\u00f3n es diferente y que, en muchos casos, el pago de honorarios profesionales puede significar un esfuerzo importante.<\/p>\n\n\n\n<p class=\"has-text-align-center has-medium-font-size\">Por eso, ponemos a disposici\u00f3n de nuestros clientes un sistema de financiaci\u00f3n accesible y flexible, dise\u00f1ado para que el aspecto econ\u00f3mico no sea una barrera al momento de proteger sus derechos. Nuestro objetivo es que usted pueda enfocarse en lo verdaderamente importante: resolver su situaci\u00f3n legal con la tranquilidad de contar con un equipo especializado a su lado.<\/p>\n\n\n\n<div style=\"height:42px\" aria-hidden=\"true\" class=\"wp-block-spacer\"><\/div>\n\n\n\n<h2 class=\"wp-block-heading has-text-align-center\"><strong>\u00bfC\u00f3mo funciona la financiaci\u00f3n?<\/strong><\/h2>\n\n\n\n<p class=\"has-text-align-center has-medium-font-size\">La financiaci\u00f3n es gestionada \u00edntegramente por una entidad financiera externa, especializada en este tipo de operaciones.<br>El cliente tiene la posibilidad de abonar los honorarios en cuotas mensuales fijas, lo que le brinda previsibilidad y facilidad en la organizaci\u00f3n de su econom\u00eda personal.<br>La aprobaci\u00f3n de la financiaci\u00f3n est\u00e1 sujeta a una evaluaci\u00f3n crediticia previa realizada por la entidad financiera.<\/p>\n\n\n\n<p class=\"has-text-align-center has-medium-font-size\">Una vez aprobada, los pagos se efect\u00faan directamente a la entidad financiera, sin intervenci\u00f3n del estudio, lo que garantiza transparencia y seguridad en el proceso.<\/p>\n\n\n\n<div style=\"height:53px\" aria-hidden=\"true\" class=\"wp-block-spacer\"><\/div>\n\n\n\n<p class=\"has-text-align-center has-medium-font-size\"><strong>Informaci\u00f3n importante<\/strong>: La financiaci\u00f3n no es otorgada por nuestro estudio jur\u00eddico, sino por la entidad financiera asociada.<\/p>\n\n\n\n<p class=\"has-text-align-center has-medium-font-size\">Las condiciones finales (tasas, plazos, requisitos) dependen del an\u00e1lisis particular de cada solicitud.<\/p>\n\n\n\n<p class=\"has-text-align-center has-medium-font-size\">Nuestro equipo lo acompa\u00f1ar\u00e1 en cada paso del proceso, brind\u00e1ndole asesoramiento y aclarando todas las dudas, para que usted pueda tomar una decisi\u00f3n informada y adecuada a su situaci\u00f3n.<br>En definitiva, nuestro compromiso es ofrecer soluciones legales accesibles, sin resignar calidad ni profesionalismo. Con esta alternativa de financiaci\u00f3n, buscamos que cada cliente pueda contar con la representaci\u00f3n jur\u00eddica que necesita, en el momento en que m\u00e1s la requiere.<\/p>\n\n\n\n<p><\/p>\n\n\n\n<div style=\"height:50px\" aria-hidden=\"true\" class=\"wp-block-spacer\"><\/div>\n\n\n<div class=\"wp-block-image\">\n<figure class=\"aligncenter size-full\"><a href=\"http:\/\/estudiojuridicogpa.com.ar\/solucioneslegales\/wp-content\/uploads\/2025\/09\/soluciones-legales-ch.jpg\"><img loading=\"lazy\" decoding=\"async\" width=\"800\" height=\"500\" src=\"http:\/\/estudiojuridicogpa.com.ar\/solucioneslegales\/wp-content\/uploads\/2025\/09\/soluciones-legales-ch.jpg\" alt=\"Financiaci\u00f3n de Honorarios Profesionales.\nPSL  -Proyecto de soluciones legales  a\u00f1ianza Estudio GPA\" class=\"wp-image-674\" srcset=\"https:\/\/estudiojuridicogpa.com.ar\/solucioneslegales\/wp-content\/uploads\/2025\/09\/soluciones-legales-ch.jpg 800w, https:\/\/estudiojuridicogpa.com.ar\/solucioneslegales\/wp-content\/uploads\/2025\/09\/soluciones-legales-ch-300x188.jpg 300w, https:\/\/estudiojuridicogpa.com.ar\/solucioneslegales\/wp-content\/uploads\/2025\/09\/soluciones-legales-ch-768x480.jpg 768w\" sizes=\"auto, (max-width: 800px) 100vw, 800px\" \/><\/a><\/figure>\n<\/div>\n\n\n<div style=\"height:64px\" aria-hidden=\"true\" class=\"wp-block-spacer\"><\/div>\n\n\n\n<hr class=\"wp-block-separator has-alpha-channel-opacity\"\/>\n\n\n\n<div class=\"wp-block-columns is-layout-flex wp-container-core-columns-is-layout-9d6595d7 wp-block-columns-is-layout-flex\">\n<div class=\"wp-block-column is-layout-flow wp-block-column-is-layout-flow\" style=\"flex-basis:35%\"><div class=\"wp-block-image\">\n<figure class=\"aligncenter size-full is-resized has-custom-border\" data-aos=\"fade\" data-aos-duration=\"600\"><a href=\"http:\/\/estudiojuridicogpa.com.ar\/wp-content\/uploads\/2025\/04\/720e7328-a468-4497-b112-3bde12bfd5b5.jpg\"><img loading=\"lazy\" decoding=\"async\" width=\"698\" height=\"733\" src=\"http:\/\/estudiojuridicogpa.com.ar\/wp-content\/uploads\/2025\/04\/720e7328-a468-4497-b112-3bde12bfd5b5.jpg\" alt=\"Somos un equipo de abogados dedicados a la defensa de varones maltratados violencia dom\u00e9stica\" class=\"wp-image-410\" style=\"border-radius:30px;width:250px;height:auto\" srcset=\"https:\/\/estudiojuridicogpa.com.ar\/solucioneslegales\/wp-content\/uploads\/2025\/04\/720e7328-a468-4497-b112-3bde12bfd5b5.jpg 698w, https:\/\/estudiojuridicogpa.com.ar\/solucioneslegales\/wp-content\/uploads\/2025\/04\/720e7328-a468-4497-b112-3bde12bfd5b5-286x300.jpg 286w\" sizes=\"auto, (max-width: 698px) 100vw, 698px\" \/><\/a><\/figure>\n<\/div><\/div>\n\n\n\n<div class=\"wp-block-column is-vertically-aligned-center is-layout-flow wp-block-column-is-layout-flow\" style=\"flex-basis:70%\">\n<h2 class=\"wp-block-heading has-text-align-center has-neve-link-color-color has-text-color has-link-color wp-elements-13c91412d54cb7a91317b5e6e85a8785\" style=\"font-size:25px\">GPA estudio Jur\u00eddico, tiene alianza estrat\u00e9gica con PSL<\/h2>\n\n\n\n<p class=\"has-text-align-center\" style=\"font-size:30px\">Unimos derecho y finanzas para tu tranquilidad.<\/p>\n\n\n<div class=\"wp-block-image\">\n<figure class=\"aligncenter size-full is-resized\"><a href=\"https:\/\/estudiojuridicogpa.com.ar\/\"><img loading=\"lazy\" decoding=\"async\" width=\"142\" height=\"142\" src=\"http:\/\/estudiojuridicogpa.com.ar\/solucioneslegales\/wp-content\/uploads\/2025\/04\/logo-circulo-ch.png\" alt=\"\" class=\"wp-image-189\" style=\"width:100px;height:auto\"\/><\/a><\/figure>\n<\/div><\/div>\n<\/div>\n\n\n\n<hr class=\"wp-block-separator has-alpha-channel-opacity\"\/>\n\n\n\n<div style=\"height:100px\" aria-hidden=\"true\" class=\"wp-block-spacer\"><\/div>\n\n\n\n<p><\/p>\n\n\n\n<h2 class=\"wp-block-heading has-text-align-center\" id=\"contacto\" style=\"font-size:30px\" data-aos=\"fade\" data-aos-delay=\"450\" data-aos-duration=\"950\">Esperamos tu consulta<\/h2>\n\n\n\n<div class=\"wp-block-contact-form-7-contact-form-selector\">\n<div class=\"wpcf7 no-js\" id=\"wpcf7-f5-o1\" lang=\"es-ES\" dir=\"ltr\" data-wpcf7-id=\"5\">\n<div class=\"screen-reader-response\"><p role=\"status\" aria-live=\"polite\" aria-atomic=\"true\"><\/p> <ul><\/ul><\/div>\n<form action=\"\/solucioneslegales\/wp-json\/wp\/v2\/pages\/14#wpcf7-f5-o1\" method=\"post\" class=\"wpcf7-form init\" aria-label=\"Formulario de contacto\" novalidate=\"novalidate\" data-status=\"init\">\n<fieldset class=\"hidden-fields-container\"><input type=\"hidden\" name=\"_wpcf7\" value=\"5\" \/><input type=\"hidden\" name=\"_wpcf7_version\" value=\"6.1.1\" \/><input type=\"hidden\" name=\"_wpcf7_locale\" value=\"es_ES\" \/><input type=\"hidden\" name=\"_wpcf7_unit_tag\" value=\"wpcf7-f5-o1\" \/><input type=\"hidden\" name=\"_wpcf7_container_post\" value=\"0\" \/><input type=\"hidden\" name=\"_wpcf7_posted_data_hash\" value=\"\" \/>\n<\/fieldset>\n<p><label> Tu nombre<br \/>\n<span class=\"wpcf7-form-control-wrap\" data-name=\"your-name\"><input size=\"40\" maxlength=\"400\" class=\"wpcf7-form-control wpcf7-text wpcf7-validates-as-required\" autocomplete=\"name\" aria-required=\"true\" aria-invalid=\"false\" value=\"\" type=\"text\" name=\"your-name\" \/><\/span> <\/label>\n<\/p>\n<p><label> Tu correo electr\u00f3nico<br \/>\n<span class=\"wpcf7-form-control-wrap\" data-name=\"your-email\"><input size=\"40\" maxlength=\"400\" class=\"wpcf7-form-control wpcf7-email wpcf7-validates-as-required wpcf7-text wpcf7-validates-as-email\" autocomplete=\"email\" aria-required=\"true\" aria-invalid=\"false\" value=\"\" type=\"email\" name=\"your-email\" \/><\/span> <\/label>\n<\/p>\n<p><label> Asunto<br \/>\n<span class=\"wpcf7-form-control-wrap\" data-name=\"your-subject\"><input size=\"40\" maxlength=\"400\" class=\"wpcf7-form-control wpcf7-text wpcf7-validates-as-required\" aria-required=\"true\" aria-invalid=\"false\" value=\"\" type=\"text\" name=\"your-subject\" \/><\/span> <\/label>\n<\/p>\n<p><label> Tu mensaje (opcional)<br \/>\n<span class=\"wpcf7-form-control-wrap\" data-name=\"your-message\"><textarea cols=\"40\" rows=\"10\" maxlength=\"2000\" class=\"wpcf7-form-control wpcf7-textarea\" aria-invalid=\"false\" name=\"your-message\"><\/textarea><\/span> <\/label>\n<\/p>\n<p><input class=\"wpcf7-form-control wpcf7-submit has-spinner\" type=\"submit\" value=\"Enviar\" \/>\n<\/p><div class=\"wpcf7-response-output\" aria-hidden=\"true\"><\/div>\n<\/form>\n<\/div>\n<\/div>\n\n\n\n<div style=\"height:100px\" aria-hidden=\"true\" class=\"wp-block-spacer\"><\/div>\n\n\n\n<p class=\"has-text-align-center has-medium-font-size\">O comunicate con nosotros y despej\u00e1 todas tus dudas: Tel: +54 9 11 4429 &#8211; 4892<\/p>\n\n\n\n<div style=\"height:100px\" aria-hidden=\"true\" class=\"wp-block-spacer\"><\/div>\n\n\n\n<p><\/p>\n","protected":false},"excerpt":{"rendered":"<p>Financiaci\u00f3n para honorarios Legales 1 Presupuestamos tu caso 2 Pedimos documentacion m\u00ednima 3 Te otorgamos el financiamiento Financiaci\u00f3n de Honorarios Profesionales En nuestro estudio jur\u00eddico creemos firmemente que toda persona debe tener acceso a una defensa y un asesoramiento legal de calidad, sin que las cuestiones econ\u00f3micas se conviertan en un obst\u00e1culo. Sabemos que cada&hellip;&nbsp;<a href=\"https:\/\/estudiojuridicogpa.com.ar\/solucioneslegales\/\" rel=\"bookmark\">Leer m\u00e1s &raquo;<span class=\"screen-reader-text\">Financiaci\u00f3n para honorarios Legales<\/span><\/a><\/p>\n","protected":false},"author":2,"featured_media":0,"parent":0,"menu_order":0,"comment_status":"closed","ping_status":"closed","template":"","meta":{"neve_meta_sidebar":"","neve_meta_container":"","neve_meta_enable_content_width":"","neve_meta_content_width":0,"neve_meta_title_alignment":"","neve_meta_author_avatar":"","neve_post_elements_order":"","neve_meta_disable_header":"on","neve_meta_disable_footer":"on","neve_meta_disable_title":"on","footnotes":""},"class_list":["post-14","page","type-page","status-publish","hentry"],"yoast_head":"<!-- This site is optimized with the Yoast SEO plugin v25.9 - https:\/\/yoast.com\/wordpress\/plugins\/seo\/ -->\n<title>Financiaci\u00f3n para honorarios Legales<\/title>\n<meta name=\"description\" content=\"Financiaci\u00f3n para honorarios Legales. Financiaci\u00f3n para gastos legales y afines. Financi\u00e1 tus gastos en honorarios legales con nosotros.\" \/>\n<meta name=\"robots\" content=\"index, follow, max-snippet:-1, max-image-preview:large, max-video-preview:-1\" \/>\n<link rel=\"canonical\" href=\"https:\/\/estudiojuridicogpa.com.ar\/solucioneslegales\/\" \/>\n<meta property=\"og:locale\" content=\"es_ES\" \/>\n<meta property=\"og:type\" content=\"article\" \/>\n<meta property=\"og:title\" content=\"Financiaci\u00f3n para honorarios Legales\" \/>\n<meta property=\"og:description\" content=\"Financiaci\u00f3n para honorarios Legales. Financiaci\u00f3n para gastos legales y afines. Financi\u00e1 tus gastos en honorarios legales con nosotros.\" \/>\n<meta property=\"og:url\" content=\"https:\/\/estudiojuridicogpa.com.ar\/solucioneslegales\/\" \/>\n<meta property=\"og:site_name\" content=\"Soluciones Legales - Estudio Jur\u00eddico GPA\" \/>\n<meta property=\"article:modified_time\" content=\"2025-09-11T17:46:28+00:00\" \/>\n<meta property=\"og:image\" content=\"https:\/\/estudiojuridicogpa.com.ar\/solucioneslegales\/wp-content\/uploads\/2025\/09\/soluciones-legales-02-1.jpg\" \/>\n\t<meta property=\"og:image:width\" content=\"504\" \/>\n\t<meta property=\"og:image:height\" content=\"379\" \/>\n\t<meta property=\"og:image:type\" content=\"image\/jpeg\" \/>\n<meta name=\"twitter:card\" content=\"summary_large_image\" \/>\n<meta name=\"twitter:label1\" content=\"Tiempo de lectura\" \/>\n\t<meta name=\"twitter:data1\" content=\"4 minutos\" \/>\n<script type=\"application\/ld+json\" class=\"yoast-schema-graph\">{\"@context\":\"https:\/\/schema.org\",\"@graph\":[{\"@type\":\"WebPage\",\"@id\":\"https:\/\/estudiojuridicogpa.com.ar\/solucioneslegales\/\",\"url\":\"https:\/\/estudiojuridicogpa.com.ar\/solucioneslegales\/\",\"name\":\"Financiaci\u00f3n para honorarios Legales\",\"isPartOf\":{\"@id\":\"https:\/\/estudiojuridicogpa.com.ar\/solucioneslegales\/#website\"},\"primaryImageOfPage\":{\"@id\":\"https:\/\/estudiojuridicogpa.com.ar\/solucioneslegales\/#primaryimage\"},\"image\":{\"@id\":\"https:\/\/estudiojuridicogpa.com.ar\/solucioneslegales\/#primaryimage\"},\"thumbnailUrl\":\"http:\/\/estudiojuridicogpa.com.ar\/solucioneslegales\/wp-content\/uploads\/2025\/09\/soluciones-legales-02-1.jpg\",\"datePublished\":\"2025-02-03T20:53:38+00:00\",\"dateModified\":\"2025-09-11T17:46:28+00:00\",\"description\":\"Financiaci\u00f3n para honorarios Legales. Financiaci\u00f3n para gastos legales y afines. Financi\u00e1 tus gastos en honorarios legales con nosotros.\",\"breadcrumb\":{\"@id\":\"https:\/\/estudiojuridicogpa.com.ar\/solucioneslegales\/#breadcrumb\"},\"inLanguage\":\"es\",\"potentialAction\":[{\"@type\":\"ReadAction\",\"target\":[\"https:\/\/estudiojuridicogpa.com.ar\/solucioneslegales\/\"]}]},{\"@type\":\"ImageObject\",\"inLanguage\":\"es\",\"@id\":\"https:\/\/estudiojuridicogpa.com.ar\/solucioneslegales\/#primaryimage\",\"url\":\"http:\/\/estudiojuridicogpa.com.ar\/solucioneslegales\/wp-content\/uploads\/2025\/09\/soluciones-legales-02-1.jpg\",\"contentUrl\":\"http:\/\/estudiojuridicogpa.com.ar\/solucioneslegales\/wp-content\/uploads\/2025\/09\/soluciones-legales-02-1.jpg\"},{\"@type\":\"BreadcrumbList\",\"@id\":\"https:\/\/estudiojuridicogpa.com.ar\/solucioneslegales\/#breadcrumb\",\"itemListElement\":[{\"@type\":\"ListItem\",\"position\":1,\"name\":\"Portada\",\"item\":\"https:\/\/estudiojuridicogpa.com.ar\/solucioneslegales\/\"},{\"@type\":\"ListItem\",\"position\":2,\"name\":\"Financiaci\u00f3n para honorarios Legales\"}]},{\"@type\":\"WebSite\",\"@id\":\"https:\/\/estudiojuridicogpa.com.ar\/solucioneslegales\/#website\",\"url\":\"https:\/\/estudiojuridicogpa.com.ar\/solucioneslegales\/\",\"name\":\"Soluciones Legales - Estudio Jur\u00eddico GPA\",\"description\":\"Financiaci\u00f3n para honorarios Legales\",\"potentialAction\":[{\"@type\":\"SearchAction\",\"target\":{\"@type\":\"EntryPoint\",\"urlTemplate\":\"https:\/\/estudiojuridicogpa.com.ar\/solucioneslegales\/?s={search_term_string}\"},\"query-input\":{\"@type\":\"PropertyValueSpecification\",\"valueRequired\":true,\"valueName\":\"search_term_string\"}}],\"inLanguage\":\"es\"}]}<\/script>\n<!-- \/ Yoast SEO plugin. -->","yoast_head_json":{"title":"Financiaci\u00f3n para honorarios Legales","description":"Financiaci\u00f3n para honorarios Legales. Financiaci\u00f3n para gastos legales y afines. Financi\u00e1 tus gastos en honorarios legales con nosotros.","robots":{"index":"index","follow":"follow","max-snippet":"max-snippet:-1","max-image-preview":"max-image-preview:large","max-video-preview":"max-video-preview:-1"},"canonical":"https:\/\/estudiojuridicogpa.com.ar\/solucioneslegales\/","og_locale":"es_ES","og_type":"article","og_title":"Financiaci\u00f3n para honorarios Legales","og_description":"Financiaci\u00f3n para honorarios Legales. Financiaci\u00f3n para gastos legales y afines. Financi\u00e1 tus gastos en honorarios legales con nosotros.","og_url":"https:\/\/estudiojuridicogpa.com.ar\/solucioneslegales\/","og_site_name":"Soluciones Legales - Estudio Jur\u00eddico GPA","article_modified_time":"2025-09-11T17:46:28+00:00","og_image":[{"width":504,"height":379,"url":"https:\/\/estudiojuridicogpa.com.ar\/solucioneslegales\/wp-content\/uploads\/2025\/09\/soluciones-legales-02-1.jpg","type":"image\/jpeg"}],"twitter_card":"summary_large_image","twitter_misc":{"Tiempo de lectura":"4 minutos"},"schema":{"@context":"https:\/\/schema.org","@graph":[{"@type":"WebPage","@id":"https:\/\/estudiojuridicogpa.com.ar\/solucioneslegales\/","url":"https:\/\/estudiojuridicogpa.com.ar\/solucioneslegales\/","name":"Financiaci\u00f3n para honorarios Legales","isPartOf":{"@id":"https:\/\/estudiojuridicogpa.com.ar\/solucioneslegales\/#website"},"primaryImageOfPage":{"@id":"https:\/\/estudiojuridicogpa.com.ar\/solucioneslegales\/#primaryimage"},"image":{"@id":"https:\/\/estudiojuridicogpa.com.ar\/solucioneslegales\/#primaryimage"},"thumbnailUrl":"http:\/\/estudiojuridicogpa.com.ar\/solucioneslegales\/wp-content\/uploads\/2025\/09\/soluciones-legales-02-1.jpg","datePublished":"2025-02-03T20:53:38+00:00","dateModified":"2025-09-11T17:46:28+00:00","description":"Financiaci\u00f3n para honorarios Legales. Financiaci\u00f3n para gastos legales y afines. Financi\u00e1 tus gastos en honorarios legales con nosotros.","breadcrumb":{"@id":"https:\/\/estudiojuridicogpa.com.ar\/solucioneslegales\/#breadcrumb"},"inLanguage":"es","potentialAction":[{"@type":"ReadAction","target":["https:\/\/estudiojuridicogpa.com.ar\/solucioneslegales\/"]}]},{"@type":"ImageObject","inLanguage":"es","@id":"https:\/\/estudiojuridicogpa.com.ar\/solucioneslegales\/#primaryimage","url":"http:\/\/estudiojuridicogpa.com.ar\/solucioneslegales\/wp-content\/uploads\/2025\/09\/soluciones-legales-02-1.jpg","contentUrl":"http:\/\/estudiojuridicogpa.com.ar\/solucioneslegales\/wp-content\/uploads\/2025\/09\/soluciones-legales-02-1.jpg"},{"@type":"BreadcrumbList","@id":"https:\/\/estudiojuridicogpa.com.ar\/solucioneslegales\/#breadcrumb","itemListElement":[{"@type":"ListItem","position":1,"name":"Portada","item":"https:\/\/estudiojuridicogpa.com.ar\/solucioneslegales\/"},{"@type":"ListItem","position":2,"name":"Financiaci\u00f3n para honorarios Legales"}]},{"@type":"WebSite","@id":"https:\/\/estudiojuridicogpa.com.ar\/solucioneslegales\/#website","url":"https:\/\/estudiojuridicogpa.com.ar\/solucioneslegales\/","name":"Soluciones Legales - Estudio Jur\u00eddico GPA","description":"Financiaci\u00f3n para honorarios Legales","potentialAction":[{"@type":"SearchAction","target":{"@type":"EntryPoint","urlTemplate":"https:\/\/estudiojuridicogpa.com.ar\/solucioneslegales\/?s={search_term_string}"},"query-input":{"@type":"PropertyValueSpecification","valueRequired":true,"valueName":"search_term_string"}}],"inLanguage":"es"}]}},"_links":{"self":[{"href":"https:\/\/estudiojuridicogpa.com.ar\/solucioneslegales\/wp-json\/wp\/v2\/pages\/14","targetHints":{"allow":["GET"]}}],"collection":[{"href":"https:\/\/estudiojuridicogpa.com.ar\/solucioneslegales\/wp-json\/wp\/v2\/pages"}],"about":[{"href":"https:\/\/estudiojuridicogpa.com.ar\/solucioneslegales\/wp-json\/wp\/v2\/types\/page"}],"author":[{"embeddable":true,"href":"https:\/\/estudiojuridicogpa.com.ar\/solucioneslegales\/wp-json\/wp\/v2\/users\/2"}],"replies":[{"embeddable":true,"href":"https:\/\/estudiojuridicogpa.com.ar\/solucioneslegales\/wp-json\/wp\/v2\/comments?post=14"}],"version-history":[{"count":144,"href":"https:\/\/estudiojuridicogpa.com.ar\/solucioneslegales\/wp-json\/wp\/v2\/pages\/14\/revisions"}],"predecessor-version":[{"id":740,"href":"https:\/\/estudiojuridicogpa.com.ar\/solucioneslegales\/wp-json\/wp\/v2\/pages\/14\/revisions\/740"}],"wp:attachment":[{"href":"https:\/\/estudiojuridicogpa.com.ar\/solucioneslegales\/wp-json\/wp\/v2\/media?parent=14"}],"curies":[{"name":"wp","href":"https:\/\/api.w.org\/{rel}","templated":true}]}}